{"id":5172,"date":"2023-10-24T10:00:12","date_gmt":"2023-10-24T08:00:12","guid":{"rendered":"https:\/\/masine.aviportfolio.com\/?post_type=product&#038;p=5172"},"modified":"2026-04-14T11:02:23","modified_gmt":"2026-04-14T09:02:23","slug":"profi-produzni-kabl-20-m","status":"publish","type":"product","link":"https:\/\/masinezavlagu021.com\/index.php\/product\/profi-produzni-kabl-20-m\/","title":{"rendered":"TROTEC PROFI PRODU\u017dNI KABL 20 M  230 V 2,5 MM\u00b2"},"content":{"rendered":"<p>Ovaj kabl, prepoznatljiv po svom \u017eutom omota\u010du, pru\u017ea pouzdanu za\u0161titu na svakom gradili\u0161tu i mo\u017eete ga lako prepoznati zahvaljuju\u0107i Trotec logou koji je od\u0161tampan na njemu, \u0161to doprinosi pove\u0107anoj sigurnosti od kra\u0111e!<\/p>\n<p>Ovaj kabl ima i mnogo vi\u0161e da ponudi kada su u pitanju unutra\u0161nje karakteristike: Proizveden u Nema\u010dkoj sa za\u0161titnom klasom IP44, isti\u010de se svojom pa\u017eljivom izradom.<\/p>\n<p>Ozna\u010den tipom &#8222;H07RN-F&#8220;, \u0161to zna\u010di da je u pitanju izdr\u017eljiv kabl sa gumiranom izolacijom.<\/p>\n<p>Ovaj kabl nije kao oni iz Kine ili oni koje mo\u017eete prona\u0107i u prodavnicama za ku\u0107ne popravke! Otporan je na ulje i kiseline, \u0161to ga \u010dini pogodnim za gra\u0111evinske lokacije i mo\u017ee da podnese temperature u rasponu od -25\u00b0C do +60\u00b0C.<\/p>\n<p>Gumeni kabl tipa &#8222;H07RN-F&#8220; smatra se izdr\u017eljivim. Njegova izdr\u017eljiva obloga obezbe\u0111uje visoku trajnost u ekstremnim vremenskim uslovima. Tako\u0111e je otporan na UV zra\u010denje i ozon, \u0161to produ\u017eava \u017eivotni vek kabla. \u010cak i pod mehani\u010dkim optere\u0107enjima kao \u0161to su udarci, kabl ostaje \u010dvrst.<\/p>\n<p>Prednosti u praksi:<\/p>\n<p>Du\u017eina kabla: 20 m Napon priklju\u010dka: 230 V Nominani struja: 16 A Presek kabla: 2,5 mm\u00b2 Priklju\u010dak i utika\u010d: CEE 7\/7 Tip kabla: H07RN-F 3G2,5 Za\u0161tita: IP44 Potpuno gumirani utika\u010d i utika\u010d Utika\u010d sa za\u0161titnim poklopcem za kontakt Proizvedeno u Nema\u010dkoj<\/p>\n","protected":false},"excerpt":{"rendered":"<div class=\"group final-completion w-full text-token-text-primary border-b border-black\/10 gizmo:border-0 dark:border-gray-900\/50 gizmo:dark:border-0 bg-gray-50 gizmo:bg-transparent dark:bg-[#444654] gizmo:dark:bg-transparent\" data-testid=\"conversation-turn-49\">\n<div class=\"p-4 gizmo:py-2 justify-center text-base md:gap-6 md:py-6 m-auto\">\n<div class=\"flex flex-1 gap-4 text-base mx-auto md:gap-6 gizmo:gap-3 gizmo:md:px-5 gizmo:lg:px-1 gizmo:xl:px-5 md:max-w-2xl lg:max-w-[38rem] gizmo:md:max-w-3xl gizmo:lg:max-w-[40rem] gizmo:xl:max-w-[48rem] xl:max-w-3xl }\">\n<div class=\"relative flex w-[calc(100%-50px)] flex-col gizmo:w-full lg:w-[calc(100%-115px)] agent-turn\">\n<div class=\"flex-col gap-1 md:gap-3\">\n<div class=\"flex flex-grow flex-col gap-3 max-w-full\">\n<div class=\"min-h-[20px] flex flex-col items-start gap-3 whitespace-pre-wrap break-words overflow-x-auto\">\n<div class=\"markdown prose w-full break-words dark:prose-invert light\">\n<h2>OZNA\u010cEN TIPOM &#8222;H07RN-F&#8220;, \u0160TO ZNA\u010cI DA JE U PITANJU IZDR\u017dLJIV KABL SA GUMIRANOM IZOLACIJOM.<\/h2>\n<\/div>\n<\/div>\n<\/div>\n<\/div>\n<\/div>\n<\/div>\n<\/div>\n<\/div>\n","protected":false},"featured_media":5173,"comment_status":"open","ping_status":"closed","template":"","meta":[],"product_cat":[212,208],"product_tag":[238],"class_list":["post-5172","product","type-product","status-publish","has-post-thumbnail","hentry","product_cat-elektro","product_cat-oprema","product_tag-trotec"],"_links":{"self":[{"href":"https:\/\/masinezavlagu021.com\/index.php\/wp-json\/wp\/v2\/product\/5172","targetHints":{"allow":["GET"]}}],"collection":[{"href":"https:\/\/masinezavlagu021.com\/index.php\/wp-json\/wp\/v2\/product"}],"about":[{"href":"https:\/\/masinezavlagu021.com\/index.php\/wp-json\/wp\/v2\/types\/product"}],"replies":[{"embeddable":true,"href":"https:\/\/masinezavlagu021.com\/index.php\/wp-json\/wp\/v2\/comments?post=5172"}],"wp:featuredmedia":[{"embeddable":true,"href":"https:\/\/masinezavlagu021.com\/index.php\/wp-json\/wp\/v2\/media\/5173"}],"wp:attachment":[{"href":"https:\/\/masinezavlagu021.com\/index.php\/wp-json\/wp\/v2\/media?parent=5172"}],"wp:term":[{"taxonomy":"product_cat","embeddable":true,"href":"https:\/\/masinezavlagu021.com\/index.php\/wp-json\/wp\/v2\/product_cat?post=5172"},{"taxonomy":"product_tag","embeddable":true,"href":"https:\/\/masinezavlagu021.com\/index.php\/wp-json\/wp\/v2\/product_tag?post=5172"}],"curies":[{"name":"wp","href":"https:\/\/api.w.org\/{rel}","templated":true}]}}