{"id":4283,"date":"2023-10-18T08:22:45","date_gmt":"2023-10-18T08:22:45","guid":{"rendered":"https:\/\/masine.aviportfolio.com\/?post_type=product&#038;p=4283"},"modified":"2026-04-17T09:55:16","modified_gmt":"2026-04-17T07:55:16","slug":"komforni-odvlazivac-vazduha-ttk-100-e-sa-sistemom-odledivanja-vrucim-gasom","status":"publish","type":"product","link":"https:\/\/masinezavlagu021.com\/index.php\/product\/komforni-odvlazivac-vazduha-ttk-100-e-sa-sistemom-odledivanja-vrucim-gasom\/","title":{"rendered":"Odvla\u017eiva\u010d vazduha TROTEC TTK 100 E sa sistemom odle\u0111ivanja vruc\u0301im gasom"},"content":{"rendered":"<p>Profesionalni osu\u0161iva\u010d vazduha \u010dija je performansa uporediva sa ve\u0107im ure\u0111ajima u istoj klasi.<\/p>\n<p>Sa TTK 100 E dobijate moderni osu\u0161iva\u010d vazduha koji kombinuje uspe\u0161an dizajn sa naprednim kontrolama.<\/p>\n<p>U pore\u0111enju sa osu\u0161iva\u010dima vazduha sa analognim kontrolama za odabir rada od minimuma do maksimuma, sa TTK 100 E mo\u017eete direktno uneti \u017eeljenu vla\u017enost vazduha putem digitalnog displeja. Ugra\u0111eni higrostat automatski implementira ovu vrednost i automatski reguli\u0161e rad kompresora i dvostepenog ventilatora.<\/p>\n<p>Digitalni displej na jasnoj i lako razumljivoj kontrolnoj tabli pokazuje trenutnu vla\u017enost vazduha u prostoriji, kao i trenutnu temperaturu prostorije i unetu ciljanu vrednost. Ure\u0111aj tako\u0111e ima tajmer funkciju, sistem za automatsku dijagnozu gre\u0161aka i funkciju memorije. Ugra\u0111ena funkcija memorije obezbe\u0111uje da uneta vrednost vla\u017enosti i re\u017eim rada ostanu sa\u010duvani \u010dak i nakon isklju\u010divanja ure\u0111aja. Funkcija su\u0161enja ve\u0161a upotpunjuje funkcionalnost udobnog osu\u0161iva\u010da vazduha. Ugra\u0111eni odvojeni priklju\u010dak za crevo omogu\u0107ava spoljno odvo\u0111enje kondenzata \u010dak i u nenadgledanom, stalnom radu &#8211; idealan preduslov za kontinuiranu upotrebu, na primer u hobisti\u010dkim prostorijama ili vikendicama.<\/p>\n<p>Ne\u017eno su\u0161enje ve\u0161a pomo\u0107u osu\u0161iva\u010da vazduha<br \/>\nOsim osu\u0161ivanja vazduha u prostoriji, osu\u0161iva\u010d vazduha mo\u017ee se koristiti i za su\u0161enje ve\u0161a &#8211; kao podr\u0161ka ili potpuna zamena za klasi\u010dne ma\u0161ine za su\u0161enje ve\u0161a. Funkcija su\u0161enja ve\u0161a (ili re\u017eim su\u0161enja tekstila ili SuperDry funkcija) je uporediva sa tradicionalnim su\u0161enjem ve\u0161a na otvorenom vazduhu.<\/p>\n<p>Osu\u0161iva\u010di vazduha imaju prednost \u0161to ve\u0161 su\u0161e ne\u017eno, ba\u0161 kao u prirodi. Boje ostaju svetle, a ode\u0107a ima du\u017ei vek trajanja nego kod klasi\u010dnih ma\u0161ina za su\u0161enje ve\u0161a i sa znatno manjom potro\u0161njom energije.<\/p>\n<p>Osim toga, osetljivi materijali poput vune, svile ili sinteti\u010dkih vlakana tako\u0111e se mogu su\u0161iti bez ikakvih briga. Za razliku od \u010distog su\u0161enja na vazduhu, ve\u0161 postaje mnogo mek\u0161i i prijatniji za no\u0161enje na ko\u017ei.<\/p>\n<p>Su\u0161enje ve\u0161a je tako\u0111e mogu\u0107e sa osu\u0161iva\u010dima vazduha bez funkcije su\u0161enja ve\u0161a. Tada se ciljana vla\u017enost mora postaviti prema \u017eeljenoj preostaloj vla\u017enosti:<\/p>\n<p>Suv vazduh: 46% relativne vla\u017enosti<\/p>\n<p>Vla\u017enost za peglanje: 58% relativne vla\u017enosti<\/p>\n<p>Suvo: 65% relativne vla\u017enosti<\/p>\n<p>Propan (R290) kao ekolo\u0161ki prihvatljiv rashladni agens u osu\u0161iva\u010dima vazduha.<br \/>\nSvake godine se u atmosferu emituje nekoliko miliona tona \u0161tetnih CO2 emisija (gasovi staklene ba\u0161te) pomo\u0107u sinteti\u010dkih rashladnih agenasa. Zbog toga je kori\u0161\u0107enje alternativnih rashladnih agenasa jedan od na\u0161ih najva\u017enijih ciljeva. Kori\u0161\u0107enjem propana (R290) kao rashladnog agensa, ovaj osu\u0161iva\u010d vazduha pravi vredan doprinos za\u0161titi klime.<\/p>\n<p>Prirodni rashladni agens propan (R290) je organsko jedinjenje i hidrokarbon. Za razliku od sinteti\u010dkih rashladnih agenasa, ekolo\u0161ki prihvatljivi propan (R290) nema potencijal za o\u0161te\u0107enje ozonskog omota\u010da (ODP=0) niti zna\u010dajan efekat staklene ba\u0161te (GWP=3).<\/p>\n<p>Dodatna korist za okolinu: Zbog svojih odli\u010dnih termodinami\u010dkih osobina, propan (R290) je posebno energetski efikasan rashladni agens i time dodatno smanjuje va\u0161e tro\u0161kove energije.<\/p>\n<p>Pogodnosti u praksi:<\/p>\n<p>Automatsko osu\u0161ivanje pod kontrolom higrostata sa prethodnim odabirom ciljane vla\u017enosti izme\u0111u 30 i 80% RH u koracima od 10%<br \/>\nKada se postigne \u017eeljena vla\u017enost, kompresor se automatski isklju\u010duje. Ventilator radi. Ako se granica pre\u0111e, ure\u0111aj se automatski aktivira.<br \/>\nStalni rad<br \/>\nPrikaz \u017eeljene vla\u017enosti, trenutne vla\u017enosti i trenutne temperature prostorije<br \/>\nFunkcija memorije<br \/>\nSistem za automatsku dijagnozu gre\u0161aka<br \/>\nFunkcija su\u0161enja ve\u0161a<br \/>\nJednostavan pristup filteru vazduha, lako se \u010disti. Filtrira dlake \u017eivotinja, vlakna, pra\u0161inu i spre\u010dava rast bakterija.<br \/>\nTajmer funkcija<br \/>\nAutomatska funkcija za efikasno osu\u0161ivanje \u010dak i u neotvorenim prostorijama sa temperaturom od najmanje 12\u00b0C<br \/>\nPriklju\u010dak za spoljno odvo\u0111enje kondenzata<br \/>\n2 nivoa ventilatora<br \/>\nIndikator upozorenja kada je rezervoar.<\/p>\n","protected":false},"excerpt":{"rendered":"<div class=\"elementor-element elementor-element-426cb69a e-flex e-con-boxed e-con e-parent\" data-id=\"426cb69a\" data-element_type=\"container\" data-settings=\"{&quot;content_width&quot;:&quot;boxed&quot;}\" data-core-v316-plus=\"true\">\n<div class=\"e-con-inner\">\n<div class=\"elementor-element elementor-element-e3a5463 elementor-widget elementor-widget-heading\" data-id=\"e3a5463\" data-element_type=\"widget\" data-widget_type=\"heading.default\">\n<div class=\"elementor-widget-container\">\n<h2 class=\"elementor-heading-title elementor-size-default\">Sna\u017ean odvla\u017eiva\u010d sa kapacitetom odvla\u017eivanja od 30 litara za 24 sata za prostorije do 90 m\u00b2<\/h2>\n<\/div>\n<\/div>\n<\/div>\n<\/div>\n<div class=\"elementor-element elementor-element-624d733f e-con-full e-flex e-con e-parent\" data-id=\"624d733f\" data-element_type=\"container\" data-settings=\"{&quot;content_width&quot;:&quot;full&quot;}\" data-core-v316-plus=\"true\">\n<div class=\"elementor-element elementor-element-1e9df174 e-con-full e-flex e-con e-child\" data-id=\"1e9df174\" data-element_type=\"container\" data-settings=\"{&quot;content_width&quot;:&quot;full&quot;}\">\n<div class=\"elementor-element elementor-element-4583b8f elementor-widget elementor-widget-image\" data-id=\"4583b8f\" data-element_type=\"widget\" data-widget_type=\"image.default\"><\/div>\n<\/div>\n<\/div>\n","protected":false},"featured_media":4293,"comment_status":"open","ping_status":"closed","template":"","meta":[],"product_cat":[216,195],"product_tag":[238],"class_list":["post-4283","product","type-product","status-publish","has-post-thumbnail","hentry","product_cat-odvlazivaci-kucni","product_cat-odvlazivaci-vazduha","product_tag-trotec"],"_links":{"self":[{"href":"https:\/\/masinezavlagu021.com\/index.php\/wp-json\/wp\/v2\/product\/4283","targetHints":{"allow":["GET"]}}],"collection":[{"href":"https:\/\/masinezavlagu021.com\/index.php\/wp-json\/wp\/v2\/product"}],"about":[{"href":"https:\/\/masinezavlagu021.com\/index.php\/wp-json\/wp\/v2\/types\/product"}],"replies":[{"embeddable":true,"href":"https:\/\/masinezavlagu021.com\/index.php\/wp-json\/wp\/v2\/comments?post=4283"}],"wp:featuredmedia":[{"embeddable":true,"href":"https:\/\/masinezavlagu021.com\/index.php\/wp-json\/wp\/v2\/media\/4293"}],"wp:attachment":[{"href":"https:\/\/masinezavlagu021.com\/index.php\/wp-json\/wp\/v2\/media?parent=4283"}],"wp:term":[{"taxonomy":"product_cat","embeddable":true,"href":"https:\/\/masinezavlagu021.com\/index.php\/wp-json\/wp\/v2\/product_cat?post=4283"},{"taxonomy":"product_tag","embeddable":true,"href":"https:\/\/masinezavlagu021.com\/index.php\/wp-json\/wp\/v2\/product_tag?post=4283"}],"curies":[{"name":"wp","href":"https:\/\/api.w.org\/{rel}","templated":true}]}}