{"id":5392,"date":"2023-10-25T10:51:44","date_gmt":"2023-10-25T08:51:44","guid":{"rendered":"https:\/\/masine.aviportfolio.com\/?page_id=5392"},"modified":"2023-11-21T12:04:36","modified_gmt":"2023-11-21T11:04:36","slug":"grejaci-na-ulje","status":"publish","type":"page","link":"https:\/\/masinezavlagu021.com\/index.php\/grejaci-na-ulje\/","title":{"rendered":"Kalorifer na Ulje"},"content":{"rendered":"\t\t<div data-elementor-type=\"wp-page\" data-elementor-id=\"5392\" class=\"elementor elementor-5392\" data-elementor-post-type=\"page\">\n\t\t\t\t<div class=\"elementor-element elementor-element-203f6260 e-flex e-con-boxed e-con e-parent\" data-id=\"203f6260\" data-element_type=\"container\">\n\t\t\t\t\t<div class=\"e-con-inner\">\n\t\t\t\t<div class=\"elementor-element elementor-element-31ed976a elementor-widget elementor-widget-heading\" data-id=\"31ed976a\" data-element_type=\"widget\" data-widget_type=\"heading.default\">\n\t\t\t\t<div class=\"elementor-widget-container\">\n\t\t\t<h2 class=\"elementor-heading-title elementor-size-default\">Greja\u010di na Ulje<\/h2>\t\t<\/div>\n\t\t\t\t<\/div>\n\t\t\t\t\t<\/div>\n\t\t\t\t<\/div>\n\t\t<div class=\"elementor-element elementor-element-1dab2047 e-con-full e-flex e-con e-parent\" data-id=\"1dab2047\" data-element_type=\"container\">\n\t\t<div class=\"elementor-element elementor-element-5d2b531 e-con-full e-flex e-con e-child\" data-id=\"5d2b531\" data-element_type=\"container\">\n\t\t\t\t<div class=\"elementor-element elementor-element-1d856e0c elementor-widget elementor-widget-image\" data-id=\"1d856e0c\" data-element_type=\"widget\" data-widget_type=\"image.default\">\n\t\t\t\t<div class=\"elementor-widget-container\">\n\t\t\t\t\t\t\t\t\t\t\t\t\t<img fetchpriority=\"high\" decoding=\"async\" width=\"300\" height=\"300\" src=\"https:\/\/masinezavlagu021.com\/wp-content\/uploads\/2023\/10\/Olheizgeblase-IDE-20-132724-1677591265-1-300x300.webp\" class=\"attachment-medium size-medium wp-image-5395\" alt=\"\" srcset=\"https:\/\/masinezavlagu021.com\/wp-content\/uploads\/2023\/10\/Olheizgeblase-IDE-20-132724-1677591265-1-300x300.webp 300w, https:\/\/masinezavlagu021.com\/wp-content\/uploads\/2023\/10\/Olheizgeblase-IDE-20-132724-1677591265-1-1024x1024.webp 1024w, https:\/\/masinezavlagu021.com\/wp-content\/uploads\/2023\/10\/Olheizgeblase-IDE-20-132724-1677591265-1-150x150.webp 150w, https:\/\/masinezavlagu021.com\/wp-content\/uploads\/2023\/10\/Olheizgeblase-IDE-20-132724-1677591265-1-768x768.webp 768w, https:\/\/masinezavlagu021.com\/wp-content\/uploads\/2023\/10\/Olheizgeblase-IDE-20-132724-1677591265-1-450x450.webp 450w, https:\/\/masinezavlagu021.com\/wp-content\/uploads\/2023\/10\/Olheizgeblase-IDE-20-132724-1677591265-1-600x600.webp 600w, https:\/\/masinezavlagu021.com\/wp-content\/uploads\/2023\/10\/Olheizgeblase-IDE-20-132724-1677591265-1-54x54.webp 54w, https:\/\/masinezavlagu021.com\/wp-content\/uploads\/2023\/10\/Olheizgeblase-IDE-20-132724-1677591265-1-96x96.webp 96w, https:\/\/masinezavlagu021.com\/wp-content\/uploads\/2023\/10\/Olheizgeblase-IDE-20-132724-1677591265-1.webp 1500w\" sizes=\"(max-width: 300px) 100vw, 300px\" \/>\t\t\t\t\t\t\t\t\t\t\t\t\t<\/div>\n\t\t\t\t<\/div>\n\t\t\t\t<div class=\"elementor-element elementor-element-5019dc78 elementor-widget elementor-widget-heading\" data-id=\"5019dc78\" data-element_type=\"widget\" data-widget_type=\"heading.default\">\n\t\t\t\t<div class=\"elementor-widget-container\">\n\t\t\t<h2 class=\"elementor-heading-title elementor-size-default\">GREJA\u010c NA ULJE SA VENTILATOROM IDE 20<\/h2>\t\t<\/div>\n\t\t\t\t<\/div>\n\t\t\t\t<div class=\"elementor-element elementor-element-35081dd4 elementor-align-center elementor-widget elementor-widget-button\" data-id=\"35081dd4\" data-element_type=\"widget\" data-widget_type=\"button.default\">\n\t\t\t\t<div class=\"elementor-widget-container\">\n\t\t\t\t\t\t\t<div class=\"elementor-button-wrapper\">\n\t\t\t\t\t<a class=\"elementor-button elementor-button-link elementor-size-sm\" href=\"https:\/\/masinezavlagu021.com\/index.php\/grejac-na-ulje-sa-ventilatorom-ide-20\/\">\n\t\t\t\t\t\t<span class=\"elementor-button-content-wrapper\">\n\t\t\t\t\t\t\t\t\t<span class=\"elementor-button-text\">Vidi detalje<\/span>\n\t\t\t\t\t<\/span>\n\t\t\t\t\t<\/a>\n\t\t\t\t<\/div>\n\t\t\t\t\t\t<\/div>\n\t\t\t\t<\/div>\n\t\t\t\t<\/div>\n\t\t<div class=\"elementor-element elementor-element-63ca76c4 e-con-full e-flex e-con e-child\" data-id=\"63ca76c4\" data-element_type=\"container\">\n\t\t\t\t<div class=\"elementor-element elementor-element-687959af elementor-widget elementor-widget-image\" data-id=\"687959af\" data-element_type=\"widget\" data-widget_type=\"image.default\">\n\t\t\t\t<div class=\"elementor-widget-container\">\n\t\t\t\t\t\t\t\t\t\t\t\t\t<img decoding=\"async\" width=\"300\" height=\"300\" src=\"https:\/\/masinezavlagu021.com\/wp-content\/uploads\/2023\/10\/Olheizgeblase-IDE-50-134519-1650452962-1-300x300.webp\" class=\"attachment-medium size-medium wp-image-5396\" alt=\"\" srcset=\"https:\/\/masinezavlagu021.com\/wp-content\/uploads\/2023\/10\/Olheizgeblase-IDE-50-134519-1650452962-1-300x300.webp 300w, https:\/\/masinezavlagu021.com\/wp-content\/uploads\/2023\/10\/Olheizgeblase-IDE-50-134519-1650452962-1-1024x1024.webp 1024w, https:\/\/masinezavlagu021.com\/wp-content\/uploads\/2023\/10\/Olheizgeblase-IDE-50-134519-1650452962-1-150x150.webp 150w, https:\/\/masinezavlagu021.com\/wp-content\/uploads\/2023\/10\/Olheizgeblase-IDE-50-134519-1650452962-1-768x768.webp 768w, https:\/\/masinezavlagu021.com\/wp-content\/uploads\/2023\/10\/Olheizgeblase-IDE-50-134519-1650452962-1-450x450.webp 450w, https:\/\/masinezavlagu021.com\/wp-content\/uploads\/2023\/10\/Olheizgeblase-IDE-50-134519-1650452962-1-600x600.webp 600w, https:\/\/masinezavlagu021.com\/wp-content\/uploads\/2023\/10\/Olheizgeblase-IDE-50-134519-1650452962-1-54x54.webp 54w, https:\/\/masinezavlagu021.com\/wp-content\/uploads\/2023\/10\/Olheizgeblase-IDE-50-134519-1650452962-1-96x96.webp 96w, https:\/\/masinezavlagu021.com\/wp-content\/uploads\/2023\/10\/Olheizgeblase-IDE-50-134519-1650452962-1.webp 1500w\" sizes=\"(max-width: 300px) 100vw, 300px\" \/>\t\t\t\t\t\t\t\t\t\t\t\t\t<\/div>\n\t\t\t\t<\/div>\n\t\t\t\t<div class=\"elementor-element elementor-element-48de1293 elementor-widget elementor-widget-heading\" data-id=\"48de1293\" data-element_type=\"widget\" data-widget_type=\"heading.default\">\n\t\t\t\t<div class=\"elementor-widget-container\">\n\t\t\t<h2 class=\"elementor-heading-title elementor-size-default\">GREJA\u010c NA ULJE SA VENTILATOROM IDE 50<\/h2>\t\t<\/div>\n\t\t\t\t<\/div>\n\t\t\t\t<div class=\"elementor-element elementor-element-3d7673b9 elementor-align-center elementor-widget elementor-widget-button\" data-id=\"3d7673b9\" data-element_type=\"widget\" data-widget_type=\"button.default\">\n\t\t\t\t<div class=\"elementor-widget-container\">\n\t\t\t\t\t\t\t<div class=\"elementor-button-wrapper\">\n\t\t\t\t\t<a class=\"elementor-button elementor-button-link elementor-size-sm\" href=\"https:\/\/masinezavlagu021.com\/index.php\/grejac-na-ulje-sa-ventilatorom-ide-50\/\">\n\t\t\t\t\t\t<span class=\"elementor-button-content-wrapper\">\n\t\t\t\t\t\t\t\t\t<span class=\"elementor-button-text\">Vidi detalje<\/span>\n\t\t\t\t\t<\/span>\n\t\t\t\t\t<\/a>\n\t\t\t\t<\/div>\n\t\t\t\t\t\t<\/div>\n\t\t\t\t<\/div>\n\t\t\t\t<\/div>\n\t\t\t\t<\/div>\n\t\t\t\t<\/div>\n\t\t","protected":false},"excerpt":{"rendered":"<p>Greja\u010di na Ulje GREJA\u010c NA ULJE SA VENTILATOROM IDE 20 Vidi detalje GREJA\u010c NA ULJE SA VENTILATOROM IDE 50 Vidi detalje<\/p>\n","protected":false},"author":1,"featured_media":0,"parent":0,"menu_order":0,"comment_status":"closed","ping_status":"closed","template":"elementor_header_footer","meta":{"footnotes":""},"class_list":["post-5392","page","type-page","status-publish","hentry"],"_links":{"self":[{"href":"https:\/\/masinezavlagu021.com\/index.php\/wp-json\/wp\/v2\/pages\/5392","targetHints":{"allow":["GET"]}}],"collection":[{"href":"https:\/\/masinezavlagu021.com\/index.php\/wp-json\/wp\/v2\/pages"}],"about":[{"href":"https:\/\/masinezavlagu021.com\/index.php\/wp-json\/wp\/v2\/types\/page"}],"author":[{"embeddable":true,"href":"https:\/\/masinezavlagu021.com\/index.php\/wp-json\/wp\/v2\/users\/1"}],"replies":[{"embeddable":true,"href":"https:\/\/masinezavlagu021.com\/index.php\/wp-json\/wp\/v2\/comments?post=5392"}],"version-history":[{"count":8,"href":"https:\/\/masinezavlagu021.com\/index.php\/wp-json\/wp\/v2\/pages\/5392\/revisions"}],"predecessor-version":[{"id":5573,"href":"https:\/\/masinezavlagu021.com\/index.php\/wp-json\/wp\/v2\/pages\/5392\/revisions\/5573"}],"wp:attachment":[{"href":"https:\/\/masinezavlagu021.com\/index.php\/wp-json\/wp\/v2\/media?parent=5392"}],"curies":[{"name":"wp","href":"https:\/\/api.w.org\/{rel}","templated":true}]}}