{"id":5256,"date":"2023-10-25T07:20:41","date_gmt":"2023-10-25T07:20:41","guid":{"rendered":"https:\/\/masine.aviportfolio.com\/?page_id=5256"},"modified":"2023-10-25T07:57:56","modified_gmt":"2023-10-25T07:57:56","slug":"odvlazivaci-kucni","status":"publish","type":"page","link":"https:\/\/masinezavlagu021.com\/index.php\/odvlazivaci-kucni\/","title":{"rendered":"Odvla\u017eiva\u010di ku\u0107ni"},"content":{"rendered":"\t\t<div data-elementor-type=\"wp-page\" data-elementor-id=\"5256\" class=\"elementor elementor-5256\" data-elementor-post-type=\"page\">\n\t\t\t\t<div class=\"elementor-element elementor-element-794248a e-flex e-con-boxed e-con e-parent\" data-id=\"794248a\" data-element_type=\"container\">\n\t\t\t\t\t<div class=\"e-con-inner\">\n\t\t\t\t<div class=\"elementor-element elementor-element-a570a47 elementor-widget elementor-widget-heading\" data-id=\"a570a47\" data-element_type=\"widget\" data-widget_type=\"heading.default\">\n\t\t\t\t<div class=\"elementor-widget-container\">\n\t\t\t<h2 class=\"elementor-heading-title elementor-size-default\">Odvla\u017eiva\u010di Ku\u0107ni<\/h2>\t\t<\/div>\n\t\t\t\t<\/div>\n\t\t\t\t\t<\/div>\n\t\t\t\t<\/div>\n\t\t<div class=\"elementor-element elementor-element-5c267e8a e-flex e-con-boxed e-con e-parent\" data-id=\"5c267e8a\" data-element_type=\"container\">\n\t\t\t\t\t<div class=\"e-con-inner\">\n\t\t<div class=\"elementor-element elementor-element-53677862 e-con-full e-flex e-con e-child\" data-id=\"53677862\" data-element_type=\"container\">\n\t\t\t\t<div class=\"elementor-element elementor-element-1051c7b8 elementor-widget elementor-widget-image\" data-id=\"1051c7b8\" data-element_type=\"widget\" data-widget_type=\"image.default\">\n\t\t\t\t<div class=\"elementor-widget-container\">\n\t\t\t\t\t\t\t\t\t\t\t\t\t<img fetchpriority=\"high\" decoding=\"async\" width=\"300\" height=\"300\" src=\"https:\/\/masinezavlagu021.com\/wp-content\/uploads\/2023\/10\/Luftentfeuchter-TTK-52-E-132024-1693213422-1-300x300.webp\" class=\"attachment-medium size-medium wp-image-5265\" alt=\"\" srcset=\"https:\/\/masinezavlagu021.com\/wp-content\/uploads\/2023\/10\/Luftentfeuchter-TTK-52-E-132024-1693213422-1-300x300.webp 300w, https:\/\/masinezavlagu021.com\/wp-content\/uploads\/2023\/10\/Luftentfeuchter-TTK-52-E-132024-1693213422-1-1024x1024.webp 1024w, https:\/\/masinezavlagu021.com\/wp-content\/uploads\/2023\/10\/Luftentfeuchter-TTK-52-E-132024-1693213422-1-150x150.webp 150w, https:\/\/masinezavlagu021.com\/wp-content\/uploads\/2023\/10\/Luftentfeuchter-TTK-52-E-132024-1693213422-1-768x768.webp 768w, https:\/\/masinezavlagu021.com\/wp-content\/uploads\/2023\/10\/Luftentfeuchter-TTK-52-E-132024-1693213422-1-450x450.webp 450w, https:\/\/masinezavlagu021.com\/wp-content\/uploads\/2023\/10\/Luftentfeuchter-TTK-52-E-132024-1693213422-1-600x600.webp 600w, https:\/\/masinezavlagu021.com\/wp-content\/uploads\/2023\/10\/Luftentfeuchter-TTK-52-E-132024-1693213422-1-54x54.webp 54w, https:\/\/masinezavlagu021.com\/wp-content\/uploads\/2023\/10\/Luftentfeuchter-TTK-52-E-132024-1693213422-1-96x96.webp 96w, https:\/\/masinezavlagu021.com\/wp-content\/uploads\/2023\/10\/Luftentfeuchter-TTK-52-E-132024-1693213422-1.webp 1500w\" sizes=\"(max-width: 300px) 100vw, 300px\" \/>\t\t\t\t\t\t\t\t\t\t\t\t\t<\/div>\n\t\t\t\t<\/div>\n\t\t\t\t<div class=\"elementor-element elementor-element-11221ee1 elementor-widget elementor-widget-heading\" data-id=\"11221ee1\" data-element_type=\"widget\" data-widget_type=\"heading.default\">\n\t\t\t\t<div class=\"elementor-widget-container\">\n\t\t\t<h2 class=\"elementor-heading-title elementor-size-default\">KOMFORNI ODVLA\u017dIVA\u010c TTK 52 E<\/h2>\t\t<\/div>\n\t\t\t\t<\/div>\n\t\t\t\t<div class=\"elementor-element elementor-element-35884572 elementor-align-center elementor-widget elementor-widget-button\" data-id=\"35884572\" data-element_type=\"widget\" data-widget_type=\"button.default\">\n\t\t\t\t<div class=\"elementor-widget-container\">\n\t\t\t\t\t\t\t<div class=\"elementor-button-wrapper\">\n\t\t\t\t\t<a class=\"elementor-button elementor-button-link elementor-size-sm\" href=\"https:\/\/masinezavlagu021.com\/index.php\/komforni-odvlazivac-ttk-52-e\/\">\n\t\t\t\t\t\t<span class=\"elementor-button-content-wrapper\">\n\t\t\t\t\t\t\t\t\t<span class=\"elementor-button-text\">Vidi detalje<\/span>\n\t\t\t\t\t<\/span>\n\t\t\t\t\t<\/a>\n\t\t\t\t<\/div>\n\t\t\t\t\t\t<\/div>\n\t\t\t\t<\/div>\n\t\t\t\t<\/div>\n\t\t<div class=\"elementor-element elementor-element-22a237e8 e-con-full e-flex e-con e-child\" data-id=\"22a237e8\" data-element_type=\"container\">\n\t\t\t\t<div class=\"elementor-element elementor-element-fc5eb04 elementor-widget elementor-widget-image\" data-id=\"fc5eb04\" data-element_type=\"widget\" data-widget_type=\"image.default\">\n\t\t\t\t<div class=\"elementor-widget-container\">\n\t\t\t\t\t\t\t\t\t\t\t\t\t<img decoding=\"async\" width=\"300\" height=\"300\" src=\"https:\/\/masinezavlagu021.com\/wp-content\/uploads\/2023\/10\/Luftentfeuchter-TTK-75-E-123022-1594022920-1-300x300.webp\" class=\"attachment-medium size-medium wp-image-5248\" alt=\"\" srcset=\"https:\/\/masinezavlagu021.com\/wp-content\/uploads\/2023\/10\/Luftentfeuchter-TTK-75-E-123022-1594022920-1-300x300.webp 300w, https:\/\/masinezavlagu021.com\/wp-content\/uploads\/2023\/10\/Luftentfeuchter-TTK-75-E-123022-1594022920-1-1024x1024.webp 1024w, https:\/\/masinezavlagu021.com\/wp-content\/uploads\/2023\/10\/Luftentfeuchter-TTK-75-E-123022-1594022920-1-150x150.webp 150w, https:\/\/masinezavlagu021.com\/wp-content\/uploads\/2023\/10\/Luftentfeuchter-TTK-75-E-123022-1594022920-1-768x768.webp 768w, https:\/\/masinezavlagu021.com\/wp-content\/uploads\/2023\/10\/Luftentfeuchter-TTK-75-E-123022-1594022920-1-450x450.webp 450w, https:\/\/masinezavlagu021.com\/wp-content\/uploads\/2023\/10\/Luftentfeuchter-TTK-75-E-123022-1594022920-1-600x600.webp 600w, https:\/\/masinezavlagu021.com\/wp-content\/uploads\/2023\/10\/Luftentfeuchter-TTK-75-E-123022-1594022920-1-54x54.webp 54w, https:\/\/masinezavlagu021.com\/wp-content\/uploads\/2023\/10\/Luftentfeuchter-TTK-75-E-123022-1594022920-1-96x96.webp 96w, https:\/\/masinezavlagu021.com\/wp-content\/uploads\/2023\/10\/Luftentfeuchter-TTK-75-E-123022-1594022920-1.webp 1500w\" sizes=\"(max-width: 300px) 100vw, 300px\" \/>\t\t\t\t\t\t\t\t\t\t\t\t\t<\/div>\n\t\t\t\t<\/div>\n\t\t\t\t<div class=\"elementor-element elementor-element-3805e4e9 elementor-widget elementor-widget-heading\" data-id=\"3805e4e9\" data-element_type=\"widget\" data-widget_type=\"heading.default\">\n\t\t\t\t<div class=\"elementor-widget-container\">\n\t\t\t<h2 class=\"elementor-heading-title elementor-size-default\">KOMFORNI ODVLA\u017dIVA\u010c TTK 75 E<\/h2>\t\t<\/div>\n\t\t\t\t<\/div>\n\t\t\t\t<div class=\"elementor-element elementor-element-37badf49 elementor-align-center elementor-widget elementor-widget-button\" data-id=\"37badf49\" data-element_type=\"widget\" data-widget_type=\"button.default\">\n\t\t\t\t<div class=\"elementor-widget-container\">\n\t\t\t\t\t\t\t<div class=\"elementor-button-wrapper\">\n\t\t\t\t\t<a class=\"elementor-button elementor-button-link elementor-size-sm\" href=\"https:\/\/masinezavlagu021.com\/index.php\/komforni-odvlazivac-ttk-75-e\/\">\n\t\t\t\t\t\t<span class=\"elementor-button-content-wrapper\">\n\t\t\t\t\t\t\t\t\t<span class=\"elementor-button-text\">Vidi detalje<\/span>\n\t\t\t\t\t<\/span>\n\t\t\t\t\t<\/a>\n\t\t\t\t<\/div>\n\t\t\t\t\t\t<\/div>\n\t\t\t\t<\/div>\n\t\t\t\t<\/div>\n\t\t<div class=\"elementor-element elementor-element-85f67dd e-con-full e-flex e-con e-child\" data-id=\"85f67dd\" data-element_type=\"container\">\n\t\t\t\t<div class=\"elementor-element elementor-element-6e09cb73 elementor-widget elementor-widget-image\" data-id=\"6e09cb73\" data-element_type=\"widget\" data-widget_type=\"image.default\">\n\t\t\t\t<div class=\"elementor-widget-container\">\n\t\t\t\t\t\t\t\t\t\t\t\t\t<img decoding=\"async\" width=\"300\" height=\"300\" src=\"https:\/\/masinezavlagu021.com\/wp-content\/uploads\/2023\/10\/Komfort-Luftentfeuchter-TTK-100-E-mit-Heisgas-Abtausystem-103654-1556099987-1-1-300x300.webp\" class=\"attachment-medium size-medium wp-image-5267\" alt=\"\" srcset=\"https:\/\/masinezavlagu021.com\/wp-content\/uploads\/2023\/10\/Komfort-Luftentfeuchter-TTK-100-E-mit-Heisgas-Abtausystem-103654-1556099987-1-1-300x300.webp 300w, https:\/\/masinezavlagu021.com\/wp-content\/uploads\/2023\/10\/Komfort-Luftentfeuchter-TTK-100-E-mit-Heisgas-Abtausystem-103654-1556099987-1-1-1024x1024.webp 1024w, https:\/\/masinezavlagu021.com\/wp-content\/uploads\/2023\/10\/Komfort-Luftentfeuchter-TTK-100-E-mit-Heisgas-Abtausystem-103654-1556099987-1-1-150x150.webp 150w, https:\/\/masinezavlagu021.com\/wp-content\/uploads\/2023\/10\/Komfort-Luftentfeuchter-TTK-100-E-mit-Heisgas-Abtausystem-103654-1556099987-1-1-768x768.webp 768w, https:\/\/masinezavlagu021.com\/wp-content\/uploads\/2023\/10\/Komfort-Luftentfeuchter-TTK-100-E-mit-Heisgas-Abtausystem-103654-1556099987-1-1-450x450.webp 450w, https:\/\/masinezavlagu021.com\/wp-content\/uploads\/2023\/10\/Komfort-Luftentfeuchter-TTK-100-E-mit-Heisgas-Abtausystem-103654-1556099987-1-1-600x600.webp 600w, https:\/\/masinezavlagu021.com\/wp-content\/uploads\/2023\/10\/Komfort-Luftentfeuchter-TTK-100-E-mit-Heisgas-Abtausystem-103654-1556099987-1-1-54x54.webp 54w, https:\/\/masinezavlagu021.com\/wp-content\/uploads\/2023\/10\/Komfort-Luftentfeuchter-TTK-100-E-mit-Heisgas-Abtausystem-103654-1556099987-1-1-96x96.webp 96w, https:\/\/masinezavlagu021.com\/wp-content\/uploads\/2023\/10\/Komfort-Luftentfeuchter-TTK-100-E-mit-Heisgas-Abtausystem-103654-1556099987-1-1.webp 1500w\" sizes=\"(max-width: 300px) 100vw, 300px\" \/>\t\t\t\t\t\t\t\t\t\t\t\t\t<\/div>\n\t\t\t\t<\/div>\n\t\t\t\t<div class=\"elementor-element elementor-element-20d94631 elementor-widget elementor-widget-heading\" data-id=\"20d94631\" data-element_type=\"widget\" data-widget_type=\"heading.default\">\n\t\t\t\t<div class=\"elementor-widget-container\">\n\t\t\t<h2 class=\"elementor-heading-title elementor-size-default\">KOMFORNI ODVLA\u017dIVA\u010c TTK 100 E<\/h2>\t\t<\/div>\n\t\t\t\t<\/div>\n\t\t\t\t<div class=\"elementor-element elementor-element-3a3d5874 elementor-align-center elementor-widget elementor-widget-button\" data-id=\"3a3d5874\" data-element_type=\"widget\" data-widget_type=\"button.default\">\n\t\t\t\t<div class=\"elementor-widget-container\">\n\t\t\t\t\t\t\t<div class=\"elementor-button-wrapper\">\n\t\t\t\t\t<a class=\"elementor-button elementor-button-link elementor-size-sm\" href=\"https:\/\/masinezavlagu021.com\/index.php\/komforni-odvlazivac-ttk-100-e\/\">\n\t\t\t\t\t\t<span class=\"elementor-button-content-wrapper\">\n\t\t\t\t\t\t\t\t\t<span class=\"elementor-button-text\">Vidi detalje<\/span>\n\t\t\t\t\t<\/span>\n\t\t\t\t\t<\/a>\n\t\t\t\t<\/div>\n\t\t\t\t\t\t<\/div>\n\t\t\t\t<\/div>\n\t\t\t\t<\/div>\n\t\t\t\t\t<\/div>\n\t\t\t\t<\/div>\n\t\t\t\t<\/div>\n\t\t","protected":false},"excerpt":{"rendered":"<p>Odvla\u017eiva\u010di Ku\u0107ni KOMFORNI ODVLA\u017dIVA\u010c TTK 52 E Vidi detalje KOMFORNI ODVLA\u017dIVA\u010c TTK 75 E Vidi detalje KOMFORNI ODVLA\u017dIVA\u010c TTK 100 E Vidi detalje<\/p>\n","protected":false},"author":1,"featured_media":0,"parent":0,"menu_order":0,"comment_status":"closed","ping_status":"closed","template":"elementor_theme","meta":{"footnotes":""},"class_list":["post-5256","page","type-page","status-publish","hentry"],"_links":{"self":[{"href":"https:\/\/masinezavlagu021.com\/index.php\/wp-json\/wp\/v2\/pages\/5256","targetHints":{"allow":["GET"]}}],"collection":[{"href":"https:\/\/masinezavlagu021.com\/index.php\/wp-json\/wp\/v2\/pages"}],"about":[{"href":"https:\/\/masinezavlagu021.com\/index.php\/wp-json\/wp\/v2\/types\/page"}],"author":[{"embeddable":true,"href":"https:\/\/masinezavlagu021.com\/index.php\/wp-json\/wp\/v2\/users\/1"}],"replies":[{"embeddable":true,"href":"https:\/\/masinezavlagu021.com\/index.php\/wp-json\/wp\/v2\/comments?post=5256"}],"version-history":[{"count":10,"href":"https:\/\/masinezavlagu021.com\/index.php\/wp-json\/wp\/v2\/pages\/5256\/revisions"}],"predecessor-version":[{"id":5270,"href":"https:\/\/masinezavlagu021.com\/index.php\/wp-json\/wp\/v2\/pages\/5256\/revisions\/5270"}],"wp:attachment":[{"href":"https:\/\/masinezavlagu021.com\/index.php\/wp-json\/wp\/v2\/media?parent=5256"}],"curies":[{"name":"wp","href":"https:\/\/api.w.org\/{rel}","templated":true}]}}